{"id":1309,"date":"2020-03-05T17:18:36","date_gmt":"2020-03-05T20:18:36","guid":{"rendered":"https:\/\/etlp-bue.infd.edu.ar\/sitio\/?page_id=1309"},"modified":"2026-04-06T13:18:17","modified_gmt":"2026-04-06T16:18:17","slug":"formularios-y-planillas","status":"publish","type":"page","link":"https:\/\/etlp-bue.infd.edu.ar\/sitio\/formularios-y-planillas\/","title":{"rendered":"Certificaciones y otras planillas"},"content":{"rendered":"\n<div class=\"wp-block-group is-layout-constrained\"><div class=\"wp-block-group__inner-container\">\n<h2 class=\"wp-block-heading has-text-align-center\">\u00bfNecesitas un certificado?<\/h2>\n\n\n\n<p class=\"has-text-align-center\"> A trav\u00e9s de nuestro formulario online, solicitar tus documentos es muy sencillo. \n\n<\/p>\n\n\n\n<div style=\"width: fit-content; margin: 0 auto;\">\n  <ul>\n    <li>Certificado de alumno regular<\/li>\n    <li>Certificado anal\u00edtico<\/li>\n    <li>Constancia de t\u00edtulo en tr\u00e1mite<\/li>\n    <li>Porcentaje de materias aprobadas<\/li>\n  <\/ul>\n<\/div>\n\n\n\n<p class=\"has-text-align-center\"><strong>Eleg\u00ed el certificado que necesitas y \u00a1listo!<br><\/strong><em>(los certificados pueden demorar de 7 a 15 d\u00edas h\u00e1biles en ser enviados)<\/em><\/p>\n\n\n\n<div class=\"wp-block-buttons is-content-justification-center is-layout-flex wp-container-1\">\n<div class=\"wp-block-button\"><a class=\"wp-block-button__link has-background wp-element-button\" href=\"https:\/\/docs.google.com\/forms\/d\/1tMsJQwc0LGlaL8lRE_C_eI0lFMTp5jPeWPiKsjNAaPQ\/viewform?edit_requested=true\" style=\"border-radius:100px;background-color:#cb00ef\">Formulario de certificaciones<\/a><\/div>\n<\/div>\n<\/div><\/div>\n\n\n\n<div class=\"wp-block-group is-layout-constrained\"><div class=\"wp-block-group__inner-container\">\n<h2 class=\"wp-block-heading has-text-align-center\">Otras solicitudes<\/h2>\n\n\n\n<div class=\"wp-block-buttons is-vertical is-content-justification-center is-nowrap is-layout-flex wp-container-3\">\n<div class=\"wp-block-button has-custom-width wp-block-button__width-50\"><a class=\"wp-block-button__link has-background wp-element-button\" href=\"https:\/\/docs.google.com\/document\/d\/1x4Kc8ti6YVUupB7qOuHkPyKQ-_9GCMu_\/edit?usp=sharing&amp;ouid=117299572104288388753&amp;rtpof=true&amp;sd=true\" style=\"border-radius:100px;background-color:#e32c2c\">Cambio de Turno<\/a><\/div>\n\n\n\n<div class=\"wp-block-button has-custom-width wp-block-button__width-50\"><a class=\"wp-block-button__link has-background has-text-align-center wp-element-button\" href=\"https:\/\/drive.google.com\/file\/d\/13LP9qmNT6D9gcdOYOiGE3V2t8CJHcdW-\/view?usp=sharing\" style=\"border-radius:100px;background-color:#0e6a10\">Asistencia a Mesa Examinadora<\/a><\/div>\n\n\n\n<div class=\"wp-block-button has-custom-width wp-block-button__width-50\"><a class=\"wp-block-button__link has-background wp-element-button\" href=\"https:\/\/drive.google.com\/file\/d\/1cVg_xzU_C3e8wSEBfNr_SmirdLSFsdHv\/view?usp=sharing\" style=\"border-radius:100px;background-color:#e30075\" target=\"_blank\" rel=\"noreferrer noopener\">Estudiante Oyente<\/a><\/div>\n<\/div>\n<\/div><\/div>\n\n\n\n<div class=\"wp-block-group is-layout-constrained\"><div class=\"wp-block-group__inner-container\">\n<h2 class=\"wp-block-heading has-text-align-center\">Autorizaci\u00f3n para Teatro para Adolescentes<\/h2>\n\n\n\n<div class=\"wp-block-buttons is-content-justification-center is-layout-flex wp-container-5\">\n<div class=\"wp-block-button\"><a class=\"wp-block-button__link has-background wp-element-button\" href=\"https:\/\/docs.google.com\/document\/d\/1hhUDS053GePVi1I7ntEkdGVn_ifXg7tL\/edit?tab=t.0\" style=\"border-radius:100px;background-color:#de6400\">Retiro de estudiantes menores de edad<\/a><\/div>\n\n\n\n<div class=\"wp-block-button\"><a class=\"wp-block-button__link has-background wp-element-button\" href=\"https:\/\/docs.google.com\/document\/d\/1tYfvOUdc1bEt83ZyjHcupiIka5g0qspy\/edit\" style=\"border-radius:100px;background-color:#a40fd9\">Retiro de estudiantes menores por causa particular<\/a><\/div>\n<\/div>\n<\/div><\/div>\n","protected":false},"excerpt":{"rendered":"<p>\u00bfNecesitas un certificado? A trav\u00e9s de nuestro formulario online, solicitar tus documentos es muy sencillo. Certificado de alumno regular Certificado anal\u00edtico Constancia de t\u00edtulo en tr\u00e1mite Porcentaje de materias aprobadas Eleg\u00ed el certificado que necesitas y \u00a1listo!(los certificados pueden demorar de 7 a 15 d\u00edas h\u00e1biles en ser enviados) Otras solicitudes Autorizaci\u00f3n para Teatro para &#8230; <a title=\"Certificaciones y otras planillas\" class=\"read-more\" href=\"https:\/\/etlp-bue.infd.edu.ar\/sitio\/formularios-y-planillas\/\" aria-label=\"More on Certificaciones y otras planillas\">[+]<\/a><\/p>\n","protected":false},"author":47,"featured_media":0,"parent":0,"menu_order":0,"comment_status":"closed","ping_status":"closed","template":"","meta":[],"acf":[],"_links":{"self":[{"href":"https:\/\/etlp-bue.infd.edu.ar\/sitio\/wp-json\/wp\/v2\/pages\/1309"}],"collection":[{"href":"https:\/\/etlp-bue.infd.edu.ar\/sitio\/wp-json\/wp\/v2\/pages"}],"about":[{"href":"https:\/\/etlp-bue.infd.edu.ar\/sitio\/wp-json\/wp\/v2\/types\/page"}],"author":[{"embeddable":true,"href":"https:\/\/etlp-bue.infd.edu.ar\/sitio\/wp-json\/wp\/v2\/users\/47"}],"replies":[{"embeddable":true,"href":"https:\/\/etlp-bue.infd.edu.ar\/sitio\/wp-json\/wp\/v2\/comments?post=1309"}],"version-history":[{"count":35,"href":"https:\/\/etlp-bue.infd.edu.ar\/sitio\/wp-json\/wp\/v2\/pages\/1309\/revisions"}],"predecessor-version":[{"id":3867,"href":"https:\/\/etlp-bue.infd.edu.ar\/sitio\/wp-json\/wp\/v2\/pages\/1309\/revisions\/3867"}],"wp:attachment":[{"href":"https:\/\/etlp-bue.infd.edu.ar\/sitio\/wp-json\/wp\/v2\/media?parent=1309"}],"curies":[{"name":"wp","href":"https:\/\/api.w.org\/{rel}","templated":true}]}}